{"id":216,"date":"2021-12-16T22:56:50","date_gmt":"2021-12-16T20:56:50","guid":{"rendered":"https:\/\/sunny-products.net\/?page_id=216"},"modified":"2021-12-16T22:59:01","modified_gmt":"2021-12-16T20:59:01","slug":"kontakty","status":"publish","type":"page","link":"https:\/\/sunny-products.net\/?page_id=216&lang=cs","title":{"rendered":"O n\u00e1s"},"content":{"rendered":"\n<h2 class=\"wp-block-heading\">Sunny-products.net<\/h2>\n\n\n\n<ul><li>V\u00edce ne\u017e 70 let zku\u0161enosti ve v\u00fdrob\u011b a prodeji bylinek a bylinkov\u00fdch sm\u011bs\u00ed.<\/li><li>Nad 500 rostlin celoro\u010dn\u011b k dispozici.<\/li><li>V\u00fdroba tinktur, masti\u010dek a extrakt\u016f.<\/li><li>Mo\u017enost vyrobit bylinkov\u00fdch sm\u011bs\u00ed na zak\u00e1zku.<\/li><li>Skoro nevy\u010derpateln\u00e9 variace fytoterapeutick\u00e9ho l\u00e9\u010den\u00ed.<\/li><li>Osobn\u00ed p\u0159\u00edstup ke ka\u017ed\u00e9mu z\u00e1kazn\u00edkovi.<\/li><li>Profesionalita a loajalita.<\/li><\/ul>\n","protected":false},"excerpt":{"rendered":"<p>Sunny-products.net V\u00edce ne\u017e 70 let zku\u0161enosti ve v\u00fdrob\u011b a prodeji bylinek a bylinkov\u00fdch sm\u011bs\u00ed. Nad 500 rostlin celoro\u010dn\u011b k dispozici. V\u00fdroba tinktur, masti\u010dek a extrakt\u016f. Mo\u017enost vyrobit bylinkov\u00fdch sm\u011bs\u00ed na zak\u00e1zku. Skoro nevy\u010derpateln\u00e9 variace fytoterapeutick\u00e9ho l\u00e9\u010den\u00ed. Osobn\u00ed p\u0159\u00edstup ke ka\u017ed\u00e9mu z\u00e1kazn\u00edkovi. Profesionalita a loajalita.<\/p>\n","protected":false},"author":1,"featured_media":0,"parent":0,"menu_order":0,"comment_status":"closed","ping_status":"closed","template":"","meta":[],"_links":{"self":[{"href":"https:\/\/sunny-products.net\/index.php?rest_route=\/wp\/v2\/pages\/216"}],"collection":[{"href":"https:\/\/sunny-products.net\/index.php?rest_route=\/wp\/v2\/pages"}],"about":[{"href":"https:\/\/sunny-products.net\/index.php?rest_route=\/wp\/v2\/types\/page"}],"author":[{"embeddable":true,"href":"https:\/\/sunny-products.net\/index.php?rest_route=\/wp\/v2\/users\/1"}],"replies":[{"embeddable":true,"href":"https:\/\/sunny-products.net\/index.php?rest_route=%2Fwp%2Fv2%2Fcomments&post=216"}],"version-history":[{"count":4,"href":"https:\/\/sunny-products.net\/index.php?rest_route=\/wp\/v2\/pages\/216\/revisions"}],"predecessor-version":[{"id":220,"href":"https:\/\/sunny-products.net\/index.php?rest_route=\/wp\/v2\/pages\/216\/revisions\/220"}],"wp:attachment":[{"href":"https:\/\/sunny-products.net\/index.php?rest_route=%2Fwp%2Fv2%2Fmedia&parent=216"}],"curies":[{"name":"wp","href":"https:\/\/api.w.org\/{rel}","templated":true}]}}